Last updated on 2022-05-20 06:51:02 CEST.
Flavor | Version | Tinstall | Tcheck | Ttotal | Status | Flags |
---|---|---|---|---|---|---|
r-devel-linux-x86_64-debian-clang | 1.2.5 | 5.98 | 71.69 | 77.67 | OK | |
r-devel-linux-x86_64-debian-gcc | 1.2.5 | 4.34 | 53.14 | 57.48 | OK | |
r-devel-linux-x86_64-fedora-clang | 1.2.5 | 90.17 | NOTE | |||
r-devel-linux-x86_64-fedora-gcc | 1.2.5 | 86.93 | NOTE | |||
r-devel-windows-x86_64 | 1.2.5 | 46.00 | 93.00 | 139.00 | OK | |
r-patched-linux-x86_64 | 1.2.5 | 5.54 | 66.79 | 72.33 | OK | |
r-release-linux-x86_64 | 1.2.5 | 4.08 | 66.26 | 70.34 | OK | |
r-release-macos-arm64 | 1.2.5 | 55.00 | NOTE | |||
r-release-macos-x86_64 | 1.2.5 | 72.00 | NOTE | |||
r-release-windows-x86_64 | 1.2.5 | 40.00 | 94.00 | 134.00 | OK | |
r-oldrel-macos-arm64 | 1.2.5 | 47.00 | NOTE | |||
r-oldrel-macos-x86_64 | 1.2.5 | 51.00 | NOTE | |||
r-oldrel-windows-ix86+x86_64 | 1.2.5 | 15.00 | 85.00 | 100.00 | OK |
Version: 1.2.5
Check: dependencies in R code
Result: NOTE
Namespace in Imports field not imported from: ‘tibble’
All declared Imports should be used.
Flavors: r-devel-linux-x86_64-fedora-clang, r-devel-linux-x86_64-fedora-gcc, r-release-macos-arm64, r-release-macos-x86_64, r-oldrel-macos-arm64, r-oldrel-macos-x86_64