CRAN Package Check Results for Package NFP

Last updated on 2022-01-22 06:48:59 CET.

Flavor Version Tinstall Tcheck Ttotal Status Flags
r-devel-linux-x86_64-debian-clang 0.99.4 69.57 231.62 301.19 NOTE
r-devel-linux-x86_64-debian-gcc 0.99.4 67.59 178.04 245.63 NOTE
r-devel-linux-x86_64-fedora-clang 0.99.4 391.85 NOTE
r-devel-linux-x86_64-fedora-gcc 0.99.4 393.79 NOTE
r-devel-windows-x86_64-new-UL 0.99.4 164.00 259.00 423.00 NOTE
r-devel-windows-x86_64-new-TK 0.99.4 NOTE
r-patched-linux-x86_64 0.99.4 70.37 222.24 292.61 NOTE
r-release-linux-x86_64 0.99.4 78.35 223.73 302.08 NOTE
r-release-macos-arm64 0.99.4 NOTE
r-release-macos-x86_64 0.99.4 NOTE
r-release-windows-ix86+x86_64 0.99.4 118.00 261.00 379.00 NOTE
r-oldrel-macos-x86_64 0.99.4 ERROR
r-oldrel-windows-ix86+x86_64 0.99.4 120.00 253.00 373.00 NOTE

Check Details

Version: 0.99.4
Check: package dependencies
Result: NOTE
    Package suggested but not available for checking: 'NFPdata'
Flavors: r-devel-linux-x86_64-debian-clang, r-devel-linux-x86_64-debian-gcc, r-devel-linux-x86_64-fedora-clang, r-devel-linux-x86_64-fedora-gcc, r-devel-windows-x86_64-new-UL, r-devel-windows-x86_64-new-TK, r-patched-linux-x86_64, r-release-linux-x86_64, r-release-macos-arm64, r-release-macos-x86_64, r-release-windows-ix86+x86_64, r-oldrel-windows-ix86+x86_64

Version: 0.99.4
Check: package dependencies
Result: ERROR
    Package required but not available: ‘KEGGgraph’
    
    Package suggested but not available for checking: ‘NFPdata’
    
    See section ‘The DESCRIPTION file’ in the ‘Writing R Extensions’
    manual.
Flavor: r-oldrel-macos-x86_64