Last updated on 2022-07-03 07:51:59 CEST.
Flavor | Version | Tinstall | Tcheck | Ttotal | Status | Flags |
---|---|---|---|---|---|---|
r-devel-linux-x86_64-debian-clang | 1.1.6 | 3.97 | 61.54 | 65.51 | OK | |
r-devel-linux-x86_64-debian-gcc | 1.1.6 | 3.98 | 46.71 | 50.69 | OK | |
r-devel-linux-x86_64-fedora-clang | 1.1.6 | 89.41 | NOTE | |||
r-devel-linux-x86_64-fedora-gcc | 1.1.6 | 87.88 | OK | |||
r-devel-windows-x86_64 | 1.1.6 | 32.00 | 97.00 | 129.00 | OK | |
r-patched-linux-x86_64 | 1.1.6 | 6.28 | 57.51 | 63.79 | OK | |
r-release-linux-x86_64 | 1.1.6 | 3.96 | 59.16 | 63.12 | OK | |
r-release-macos-arm64 | 1.1.6 | 36.00 | OK | |||
r-release-macos-x86_64 | 1.1.6 | 45.00 | OK | |||
r-release-windows-x86_64 | 1.1.6 | 28.00 | 95.00 | 123.00 | OK | |
r-oldrel-macos-arm64 | 1.1.6 | 43.00 | OK | |||
r-oldrel-macos-x86_64 | 1.1.6 | 57.00 | OK | |||
r-oldrel-windows-ix86+x86_64 | 1.1.6 | 10.00 | 96.00 | 106.00 | OK |
Version: 1.1.6
Check: Rd cross-references
Result: NOTE
Undeclared package ‘reader’ in Rd xrefs
Flavor: r-devel-linux-x86_64-fedora-clang