CRAN Package Check Results for Package NACHO

Last updated on 2022-01-18 06:52:53 CET.

Flavor Version Tinstall Tcheck Ttotal Status Flags
r-devel-linux-x86_64-debian-clang 1.1.0 7.85 278.97 286.82 OK
r-devel-linux-x86_64-debian-gcc 1.1.0 8.60 215.40 224.00 OK
r-devel-linux-x86_64-fedora-clang 1.1.0 340.35 OK
r-devel-linux-x86_64-fedora-gcc 1.1.0 344.11 OK
r-devel-windows-x86_64-new-UL 1.1.0 63.00 304.00 367.00 OK
r-devel-windows-x86_64-new-TK 1.1.0 OK
r-patched-linux-x86_64 1.1.0 9.42 264.07 273.49 OK
r-release-linux-x86_64 1.1.0 OK
r-release-macos-arm64 1.1.0 NOTE
r-release-macos-x86_64 1.1.0 OK
r-release-windows-ix86+x86_64 1.1.0 21.00 266.00 287.00 OK
r-oldrel-macos-x86_64 1.1.0 OK
r-oldrel-windows-ix86+x86_64 1.1.0 22.00 270.00 292.00 OK

Check Details

Version: 1.1.0
Check: package dependencies
Result: NOTE
    Package suggested but not available for checking: ‘GEOquery’
Flavor: r-release-macos-arm64