CRAN Package Check Results for Package MoMPCA

Last updated on 2022-05-20 06:51:02 CEST.

Flavor Version Tinstall Tcheck Ttotal Status Flags
r-devel-linux-x86_64-debian-clang 1.0.1 7.24 75.13 82.37 OK
r-devel-linux-x86_64-debian-gcc 1.0.1 5.23 56.39 61.62 OK
r-devel-linux-x86_64-fedora-clang 1.0.1 96.53 NOTE
r-devel-linux-x86_64-fedora-gcc 1.0.1 100.05 NOTE
r-devel-windows-x86_64 1.0.1 31.00 388.00 419.00 OK
r-patched-linux-x86_64 1.0.1 11.01 71.49 82.50 OK
r-release-linux-x86_64 1.0.1 5.55 71.42 76.97 OK
r-release-macos-arm64 1.0.1 113.00 NOTE
r-release-macos-x86_64 1.0.1 226.00 NOTE
r-release-windows-x86_64 1.0.1 22.00 362.00 384.00 OK
r-oldrel-macos-arm64 1.0.1 165.00 NOTE
r-oldrel-macos-x86_64 1.0.1 199.00 NOTE
r-oldrel-windows-ix86+x86_64 1.0.1 17.00 435.00 452.00 OK

Check Details

Version: 1.0.1
Check: data for non-ASCII characters
Result: NOTE
     Note: found 16 marked UTF-8 strings
Flavors: r-devel-linux-x86_64-fedora-clang, r-devel-linux-x86_64-fedora-gcc, r-release-macos-arm64, r-release-macos-x86_64, r-oldrel-macos-arm64, r-oldrel-macos-x86_64