Last updated on 2022-05-17 07:53:10 CEST.
Flavor | Version | Tinstall | Tcheck | Ttotal | Status | Flags |
---|---|---|---|---|---|---|
r-devel-linux-x86_64-debian-clang | 1.6.64 | 54.26 | 171.95 | 226.21 | NOTE | |
r-devel-linux-x86_64-debian-gcc | 1.6.64 | 45.81 | 124.06 | 169.87 | NOTE | |
r-devel-linux-x86_64-fedora-clang | 1.6.64 | 277.10 | NOTE | |||
r-devel-linux-x86_64-fedora-gcc | 1.6.64 | 316.42 | NOTE | |||
r-devel-windows-x86_64 | 1.6.64 | 99.00 | 172.00 | 271.00 | NOTE | |
r-patched-linux-x86_64 | 1.6.64 | 52.46 | 164.57 | 217.03 | NOTE | |
r-release-linux-x86_64 | 1.6.64 | 52.20 | 165.97 | 218.17 | NOTE | |
r-release-macos-arm64 | 1.6.64 | 60.00 | NOTE | |||
r-release-macos-x86_64 | 1.6.64 | 86.00 | NOTE | |||
r-release-windows-x86_64 | 1.6.64 | 91.00 | 172.00 | 263.00 | NOTE | |
r-oldrel-macos-arm64 | 1.6.64 | 74.00 | NOTE | |||
r-oldrel-macos-x86_64 | 1.6.64 | 95.00 | NOTE | |||
r-oldrel-windows-ix86+x86_64 | 1.6.64 | 80.00 | 175.00 | 255.00 | NOTE |
Version: 1.6.64
Check: package dependencies
Result: NOTE
Package suggested but not available for checking: 'alstructure'
Packages which this enhances but not available for checking:
'miraculix', 'MoBPSmaps'
Flavors: r-devel-linux-x86_64-debian-clang, r-devel-linux-x86_64-debian-gcc, r-devel-linux-x86_64-fedora-clang, r-devel-linux-x86_64-fedora-gcc, r-devel-windows-x86_64, r-patched-linux-x86_64, r-release-linux-x86_64, r-release-windows-x86_64
Version: 1.6.64
Check: package dependencies
Result: NOTE
Packages suggested but not available for checking:
'doMPI', 'biomaRt', 'alstructure'
Package which this enhances but not available for checking: ‘MoBPSmaps’
Flavor: r-release-macos-arm64
Version: 1.6.64
Check: package dependencies
Result: NOTE
Packages suggested but not available for checking: 'doMPI', 'alstructure'
Packages which this enhances but not available for checking:
'miraculix', 'MoBPSmaps'
Flavor: r-release-macos-x86_64
Version: 1.6.64
Check: package dependencies
Result: NOTE
Packages suggested but not available for checking: 'doMPI', 'alstructure'
Package which this enhances but not available for checking: ‘MoBPSmaps’
Flavors: r-oldrel-macos-arm64, r-oldrel-macos-x86_64
Version: 1.6.64
Check: package dependencies
Result: NOTE
Package suggested but not available for checking: 'alstructure'
Package which this enhances but not available for checking: 'MoBPSmaps'
Flavor: r-oldrel-windows-ix86+x86_64