Last updated on 2022-07-07 06:49:58 CEST.
Flavor | Version | Tinstall | Tcheck | Ttotal | Status | Flags |
---|---|---|---|---|---|---|
r-devel-linux-x86_64-debian-clang | 0.1-2 | 14.89 | 110.68 | 125.57 | NOTE | |
r-devel-linux-x86_64-debian-gcc | 0.1-2 | 10.98 | 84.21 | 95.19 | NOTE | |
r-devel-linux-x86_64-fedora-clang | 0.1-2 | 161.72 | NOTE | |||
r-devel-linux-x86_64-fedora-gcc | 0.1-2 | 161.16 | NOTE | |||
r-devel-windows-x86_64 | 0.1-2 | 97.00 | 161.00 | 258.00 | OK | |
r-patched-linux-x86_64 | 0.1-2 | 13.10 | 107.58 | 120.68 | NOTE | |
r-release-linux-x86_64 | 0.1-2 | 13.26 | 109.72 | 122.98 | NOTE | |
r-release-macos-arm64 | 0.1-2 | 50.00 | NOTE | |||
r-release-macos-x86_64 | 0.1-2 | 67.00 | NOTE | |||
r-release-windows-x86_64 | 0.1-2 | 115.00 | 166.00 | 281.00 | OK | |
r-oldrel-macos-arm64 | 0.1-2 | 55.00 | NOTE | |||
r-oldrel-macos-x86_64 | 0.1-2 | 72.00 | NOTE | |||
r-oldrel-windows-ix86+x86_64 | 0.1-2 | 30.00 | 186.00 | 216.00 | OK |
Version: 0.1-2
Check: package dependencies
Result: NOTE
Package which this enhances but not available for checking: 'AnalyzeFMRI'
Flavors: r-devel-linux-x86_64-debian-clang, r-devel-linux-x86_64-debian-gcc, r-devel-linux-x86_64-fedora-clang, r-devel-linux-x86_64-fedora-gcc, r-patched-linux-x86_64, r-release-linux-x86_64
Version: 0.1-2
Check: package dependencies
Result: NOTE
Package which this enhances but not available for checking: ‘pbdMPI’
Flavors: r-release-macos-arm64, r-oldrel-macos-arm64, r-oldrel-macos-x86_64
Version: 0.1-2
Check: package dependencies
Result: NOTE
Packages which this enhances but not available for checking:
'pbdMPI', 'AnalyzeFMRI'
Flavor: r-release-macos-x86_64