Last updated on 2022-05-16 06:52:29 CEST.
Flavor | Version | Tinstall | Tcheck | Ttotal | Status | Flags |
---|---|---|---|---|---|---|
r-devel-linux-x86_64-debian-clang | 1.1.3 | 30.76 | 275.26 | 306.02 | OK | |
r-devel-linux-x86_64-debian-gcc | 1.1.3 | 23.07 | 205.60 | 228.67 | OK | |
r-devel-linux-x86_64-fedora-clang | 1.1.3 | 356.75 | NOTE | |||
r-devel-linux-x86_64-fedora-gcc | 1.1.3 | 286.83 | NOTE | |||
r-devel-windows-x86_64 | 1.1.3 | 30.00 | 265.00 | 295.00 | OK | |
r-patched-linux-x86_64 | 1.1.3 | 22.93 | 264.83 | 287.76 | OK | |
r-release-linux-x86_64 | 1.1.3 | 26.15 | 261.53 | 287.68 | OK | |
r-release-macos-arm64 | 1.1.3 | 78.00 | NOTE | |||
r-release-macos-x86_64 | 1.1.3 | 137.00 | NOTE | |||
r-release-windows-x86_64 | 1.1.3 | 34.00 | 249.00 | 283.00 | OK | |
r-oldrel-macos-arm64 | 1.1.3 | 81.00 | NOTE | |||
r-oldrel-macos-x86_64 | 1.1.3 | 106.00 | NOTE | |||
r-oldrel-windows-ix86+x86_64 | 1.1.3 | 63.00 | 260.00 | 323.00 | OK |
Version: 1.1.3
Check: dependencies in R code
Result: NOTE
Namespace in Imports field not imported from: ‘rgdal’
All declared Imports should be used.
Flavors: r-devel-linux-x86_64-fedora-clang, r-devel-linux-x86_64-fedora-gcc, r-release-macos-arm64, r-release-macos-x86_64, r-oldrel-macos-arm64, r-oldrel-macos-x86_64