CRAN Package Check Results for Package Microsoft365R

Last updated on 2022-01-23 07:14:05 CET.

Flavor Version Tinstall Tcheck Ttotal Status Flags
r-devel-linux-x86_64-debian-clang 2.3.2 17.29 49.20 66.49 OK
r-devel-linux-x86_64-debian-gcc 2.3.2 16.32 41.52 57.84 OK
r-devel-linux-x86_64-fedora-clang 2.3.2 83.97 NOTE
r-devel-linux-x86_64-fedora-gcc 2.3.2 79.59 NOTE
r-devel-windows-x86_64-new-UL 2.3.2 100.00 78.00 178.00 OK
r-devel-windows-x86_64-new-TK 2.3.2 NOTE
r-patched-linux-x86_64 2.3.2 19.74 48.36 68.10 OK
r-release-linux-x86_64 2.3.2 18.94 48.95 67.89 OK
r-release-macos-arm64 2.3.2 NOTE
r-release-macos-x86_64 2.3.2 NOTE
r-release-windows-ix86+x86_64 2.3.2 28.00 66.00 94.00 OK
r-oldrel-macos-x86_64 2.3.2 NOTE
r-oldrel-windows-ix86+x86_64 2.3.2 28.00 79.00 107.00 OK

Check Details

Version: 2.3.2
Check: dependencies in R code
Result: NOTE
    Namespaces in Imports field not imported from:
     ‘R6’ ‘curl’ ‘jsonlite’ ‘vctrs’
     All declared Imports should be used.
Flavors: r-devel-linux-x86_64-fedora-clang, r-devel-linux-x86_64-fedora-gcc, r-devel-windows-x86_64-new-TK, r-release-macos-arm64, r-release-macos-x86_64, r-oldrel-macos-x86_64