Last updated on 2022-05-24 07:52:25 CEST.
Flavor | Version | Tinstall | Tcheck | Ttotal | Status | Flags |
---|---|---|---|---|---|---|
r-devel-linux-x86_64-debian-clang | 1.30.0 | 9.19 | 103.38 | 112.57 | OK | |
r-devel-linux-x86_64-debian-gcc | 1.30.0 | 5.50 | 79.78 | 85.28 | OK | |
r-devel-linux-x86_64-fedora-clang | 1.30.0 | 132.46 | NOTE | |||
r-devel-linux-x86_64-fedora-gcc | 1.30.0 | 131.68 | OK | |||
r-devel-windows-x86_64 | 1.30.0 | 50.00 | 130.00 | 180.00 | OK | |
r-patched-linux-x86_64 | 1.30.0 | 10.09 | 99.85 | 109.94 | OK | |
r-release-linux-x86_64 | 1.30.0 | OK | ||||
r-release-macos-arm64 | 1.30.0 | 47.00 | OK | |||
r-release-macos-x86_64 | 1.30.0 | 64.00 | OK | |||
r-release-windows-x86_64 | 1.30.0 | 36.00 | 127.00 | 163.00 | OK | |
r-oldrel-macos-arm64 | 1.30.0 | 40.00 | OK | |||
r-oldrel-macos-x86_64 | 1.30.0 | 77.00 | OK | |||
r-oldrel-windows-ix86+x86_64 | 1.30.0 | 14.00 | 121.00 | 135.00 | OK |
Version: 1.30.0
Check: Rd cross-references
Result: NOTE
Undeclared package ‘R2WinBUGS’ in Rd xrefs
Flavor: r-devel-linux-x86_64-fedora-clang