Last updated on 2022-07-07 06:49:58 CEST.
Flavor | Version | Tinstall | Tcheck | Ttotal | Status | Flags |
---|---|---|---|---|---|---|
r-devel-linux-x86_64-debian-clang | 1.1.8 | 6.87 | 208.84 | 215.71 | OK | |
r-devel-linux-x86_64-debian-gcc | 1.1.8 | 5.86 | 150.05 | 155.91 | OK | |
r-devel-linux-x86_64-fedora-clang | 1.1.8 | 257.52 | WARN | |||
r-devel-linux-x86_64-fedora-gcc | 1.1.8 | 258.81 | WARN | |||
r-devel-windows-x86_64 | 1.1.8 | 22.00 | 229.00 | 251.00 | OK | |
r-patched-linux-x86_64 | 1.1.8 | 6.15 | 193.73 | 199.88 | OK | |
r-release-linux-x86_64 | 1.1.8 | 6.37 | 198.74 | 205.11 | OK | |
r-release-macos-arm64 | 1.1.8 | 79.00 | OK | |||
r-release-macos-x86_64 | 1.1.8 | 6.00 | ERROR | |||
r-release-windows-x86_64 | 1.1.8 | 23.00 | 236.00 | 259.00 | OK | |
r-oldrel-macos-arm64 | 1.1.8 | 131.00 | OK | |||
r-oldrel-macos-x86_64 | 1.1.8 | 7.00 | ERROR | |||
r-oldrel-windows-ix86+x86_64 | 1.1.8 | 20.00 | 294.00 | 314.00 | OK |
Version: 1.1.8
Check: package dependencies
Result: WARN
Requires (indirectly) orphaned package: ‘gtools’
Flavors: r-devel-linux-x86_64-fedora-clang, r-devel-linux-x86_64-fedora-gcc
Version: 1.1.8
Check: package dependencies
Result: ERROR
Package required but not available: ‘metagenomeSeq’
See section ‘The DESCRIPTION file’ in the ‘Writing R Extensions’
manual.
Flavors: r-release-macos-x86_64, r-oldrel-macos-x86_64