CRAN Package Check Results for Package MetaLandSim

Last updated on 2022-07-05 07:50:59 CEST.

Flavor Version Tinstall Tcheck Ttotal Status Flags
r-devel-linux-x86_64-debian-clang 1.0.10 48.09 490.03 538.12 OK
r-devel-linux-x86_64-debian-gcc 1.0.10 40.65 358.58 399.23 OK
r-devel-linux-x86_64-fedora-clang 1.0.10 663.55 NOTE
r-devel-linux-x86_64-fedora-gcc 1.0.10 646.10 NOTE
r-devel-windows-x86_64 1.0.10 85.00 533.00 618.00 OK
r-patched-linux-x86_64 1.0.10 73.53 559.94 633.47 OK
r-release-linux-x86_64 1.0.10 70.41 557.53 627.94 OK
r-release-macos-arm64 1.0.10 406.00 NOTE
r-release-macos-x86_64 1.0.10 683.00 NOTE
r-release-windows-x86_64 1.0.10 109.00 446.00 555.00 OK
r-oldrel-macos-arm64 1.0.10 281.00 NOTE
r-oldrel-macos-x86_64 1.0.10 399.00 NOTE
r-oldrel-windows-ix86+x86_64 1.0.10 97.00 525.00 622.00 OK

Check Details

Version: 1.0.10
Check: dependencies in R code
Result: NOTE
    Namespace in Imports field not imported from: ‘knitr’
     All declared Imports should be used.
Flavors: r-devel-linux-x86_64-fedora-clang, r-devel-linux-x86_64-fedora-gcc, r-release-macos-arm64, r-release-macos-x86_64, r-oldrel-macos-arm64, r-oldrel-macos-x86_64