CRAN Package Check Results for Package MetaComp

Last updated on 2022-05-19 07:50:13 CEST.

Flavor Version Tinstall Tcheck Ttotal Status Flags
r-devel-linux-x86_64-debian-clang 1.1.2 7.36 89.34 96.70 NOTE
r-devel-linux-x86_64-debian-gcc 1.1.2 5.45 64.36 69.81 NOTE
r-devel-linux-x86_64-fedora-clang 1.1.2 108.57 NOTE
r-devel-linux-x86_64-fedora-gcc 1.1.2 111.01 NOTE
r-devel-windows-x86_64 1.1.2 353.00 101.00 454.00 NOTE
r-patched-linux-x86_64 1.1.2 5.36 80.15 85.51 NOTE
r-release-linux-x86_64 1.1.2 5.83 80.24 86.07 NOTE
r-release-macos-arm64 1.1.2 28.00 NOTE
r-release-macos-x86_64 1.1.2 55.00 NOTE
r-release-windows-x86_64 1.1.2 258.00 100.00 358.00 NOTE
r-oldrel-macos-arm64 1.1.2 33.00 NOTE
r-oldrel-macos-x86_64 1.1.2 48.00 NOTE
r-oldrel-windows-ix86+x86_64 1.1.2 18.00 97.00 115.00 NOTE

Check Details

Version: 1.1.2
Check: LazyData
Result: NOTE
     'LazyData' is specified without a 'data' directory
Flavors: r-devel-linux-x86_64-debian-clang, r-devel-linux-x86_64-debian-gcc, r-devel-linux-x86_64-fedora-clang, r-devel-linux-x86_64-fedora-gcc, r-devel-windows-x86_64, r-patched-linux-x86_64, r-release-linux-x86_64, r-release-macos-arm64, r-release-macos-x86_64, r-release-windows-x86_64, r-oldrel-macos-arm64, r-oldrel-macos-x86_64, r-oldrel-windows-ix86+x86_64