Last updated on 2022-07-01 06:51:32 CEST.
Flavor | Version | Tinstall | Tcheck | Ttotal | Status | Flags |
---|---|---|---|---|---|---|
r-devel-linux-x86_64-debian-clang | 0.1.10 | 151.19 | 202.81 | 354.00 | OK | |
r-devel-linux-x86_64-debian-gcc | 0.1.10 | 130.73 | 152.82 | 283.55 | OK | |
r-devel-linux-x86_64-fedora-clang | 0.1.10 | 488.62 | NOTE | |||
r-devel-linux-x86_64-fedora-gcc | 0.1.10 | 467.43 | OK | |||
r-devel-windows-x86_64 | 0.1.10 | 284.00 | 244.00 | 528.00 | OK | |
r-patched-linux-x86_64 | 0.1.10 | 149.50 | 194.66 | 344.16 | OK | |
r-release-linux-x86_64 | 0.1.10 | 143.69 | 196.08 | 339.77 | OK | |
r-release-macos-arm64 | 0.1.10 | 139.00 | NOTE | |||
r-release-macos-x86_64 | 0.1.10 | 157.00 | NOTE | |||
r-release-windows-x86_64 | 0.1.10 | 240.00 | 250.00 | 490.00 | OK | |
r-oldrel-macos-arm64 | 0.1.10 | 138.00 | NOTE | |||
r-oldrel-macos-x86_64 | 0.1.10 | 159.00 | NOTE | |||
r-oldrel-windows-ix86+x86_64 | 0.1.10 | 334.00 | 332.00 | 666.00 | NOTE |
Version: 0.1.10
Check: installed package size
Result: NOTE
installed size is 8.4Mb
sub-directories of 1Mb or more:
R 1.2Mb
libs 7.0Mb
Flavors: r-devel-linux-x86_64-fedora-clang, r-release-macos-arm64, r-release-macos-x86_64, r-oldrel-macos-arm64, r-oldrel-macos-x86_64, r-oldrel-windows-ix86+x86_64