CRAN Package Check Results for Package Matrix

Last updated on 2022-05-17 07:53:09 CEST.

Flavor Version Tinstall Tcheck Ttotal Status Flags
r-devel-linux-x86_64-debian-clang 1.4-1 193.58 392.96 586.54 OK
r-devel-linux-x86_64-debian-gcc 1.4-1 149.51 288.82 438.33 OK
r-devel-linux-x86_64-fedora-clang 1.4-1 708.51 OK
r-devel-linux-x86_64-fedora-gcc 1.4-1 730.09 OK
r-devel-windows-x86_64 1.4-1 384.00 528.00 912.00 OK
r-patched-linux-x86_64 1.4-1 164.85 360.28 525.13 OK
r-release-linux-x86_64 1.4-1 176.87 363.77 540.64 OK
r-release-macos-arm64 1.4-1 208.00 NOTE
r-release-macos-x86_64 1.4-1 274.00 OK
r-release-windows-x86_64 1.4-1 395.00 518.00 913.00 OK
r-oldrel-macos-arm64 1.4-1 188.00 OK
r-oldrel-macos-x86_64 1.4-1 266.00 OK
r-oldrel-windows-ix86+x86_64 1.4-1 3.00 9.00 12.00 ERROR

Check Details

Version: 1.4-1
Check: package dependencies
Result: NOTE
    Package which this enhances but not available for checking: ‘graph’
Flavor: r-release-macos-arm64

Version: 1.4-1
Check: Rd cross-references
Result: NOTE
    Package unavailable to check Rd xrefs: ‘graph’
Flavor: r-release-macos-arm64

Version: 1.4-1
Check: whether package can be installed
Result: ERROR
    Installation failed.
Flavor: r-oldrel-windows-ix86+x86_64