Last updated on 2022-07-06 06:52:54 CEST.
Flavor | Version | Tinstall | Tcheck | Ttotal | Status | Flags |
---|---|---|---|---|---|---|
r-devel-linux-x86_64-debian-clang | 0.1.0 | 133.12 | 202.88 | 336.00 | NOTE | |
r-devel-linux-x86_64-debian-gcc | 0.1.0 | 121.93 | 155.95 | 277.88 | NOTE | |
r-devel-linux-x86_64-fedora-clang | 0.1.0 | 444.65 | WARN | |||
r-devel-linux-x86_64-fedora-gcc | 0.1.0 | 459.48 | WARN | |||
r-devel-windows-x86_64 | 0.1.0 | 103.00 | 245.00 | 348.00 | NOTE | |
r-patched-linux-x86_64 | 0.1.0 | 114.46 | 196.07 | 310.53 | NOTE | |
r-release-linux-x86_64 | 0.1.0 | 135.15 | 200.28 | 335.43 | NOTE | |
r-release-macos-arm64 | 0.1.0 | 113.00 | NOTE | |||
r-release-macos-x86_64 | 0.1.0 | 212.00 | NOTE | |||
r-release-windows-x86_64 | 0.1.0 | 107.00 | 251.00 | 358.00 | NOTE | |
r-oldrel-macos-arm64 | 0.1.0 | 94.00 | NOTE | |||
r-oldrel-macos-x86_64 | 0.1.0 | 146.00 | NOTE | |||
r-oldrel-windows-ix86+x86_64 | 0.1.0 | 325.00 | 308.00 | 633.00 | NOTE |
Version: 0.1.0
Check: for GNU extensions in Makefiles
Result: NOTE
GNU make is a SystemRequirements.
Flavors: r-devel-linux-x86_64-debian-clang, r-devel-linux-x86_64-debian-gcc, r-devel-linux-x86_64-fedora-clang, r-devel-linux-x86_64-fedora-gcc, r-devel-windows-x86_64, r-patched-linux-x86_64, r-release-linux-x86_64, r-release-macos-arm64, r-release-macos-x86_64, r-release-windows-x86_64, r-oldrel-macos-arm64, r-oldrel-macos-x86_64, r-oldrel-windows-ix86+x86_64
Version: 0.1.0
Check: package dependencies
Result: WARN
Imports includes 27 non-default packages.
Importing from so many packages makes the package vulnerable to any of
them becoming unavailable. Move as many as possible to Suggests and
use conditionally.
Requires (indirectly) orphaned package: ‘gtools’
Flavor: r-devel-linux-x86_64-fedora-clang
Version: 0.1.0
Check: installed package size
Result: NOTE
installed size is 20.9Mb
sub-directories of 1Mb or more:
libs 20.6Mb
Flavors: r-devel-linux-x86_64-fedora-clang, r-release-macos-arm64, r-release-macos-x86_64, r-oldrel-macos-arm64, r-oldrel-macos-x86_64
Version: 0.1.0
Check: dependencies in R code
Result: NOTE
Namespace in Imports field not imported from: ‘RcppParallel’
All declared Imports should be used.
Flavors: r-devel-linux-x86_64-fedora-clang, r-devel-linux-x86_64-fedora-gcc, r-release-macos-arm64, r-release-macos-x86_64, r-oldrel-macos-arm64, r-oldrel-macos-x86_64
Version: 0.1.0
Check: package dependencies
Result: WARN
Requires (indirectly) orphaned package: ‘gtools’
Flavor: r-devel-linux-x86_64-fedora-gcc