CRAN Package Check Results for Package MXM

Last updated on 2022-05-23 06:49:53 CEST.

Flavor Version Tinstall Tcheck Ttotal Status Flags
r-devel-linux-x86_64-debian-clang 1.5.2 91.86 594.91 686.77 OK
r-devel-linux-x86_64-debian-gcc 1.5.2 68.89 430.34 499.23 OK
r-devel-linux-x86_64-fedora-clang 1.5.2 803.79 NOTE
r-devel-linux-x86_64-fedora-gcc 1.5.2 795.93 NOTE
r-devel-windows-x86_64 1.5.2 163.00 676.00 839.00 OK
r-patched-linux-x86_64 1.5.2 90.96 556.07 647.03 OK
r-release-linux-x86_64 1.5.2 OK
r-release-macos-arm64 1.5.2 180.00 NOTE
r-release-macos-x86_64 1.5.2 303.00 NOTE
r-release-windows-x86_64 1.5.2 166.00 637.00 803.00 OK
r-oldrel-macos-arm64 1.5.2 201.00 NOTE
r-oldrel-macos-x86_64 1.5.2 251.00 NOTE
r-oldrel-windows-ix86+x86_64 1.5.2 153.00 648.00 801.00 OK

Additional issues

ATLAS

Check Details

Version: 1.5.2
Check: dependencies in R code
Result: NOTE
    Namespace in Imports field not imported from: ‘knitr’
     All declared Imports should be used.
Flavors: r-devel-linux-x86_64-fedora-clang, r-devel-linux-x86_64-fedora-gcc, r-release-macos-arm64, r-release-macos-x86_64, r-oldrel-macos-arm64, r-oldrel-macos-x86_64