CRAN Package Check Results for Package MSCMT

Last updated on 2022-01-22 06:48:59 CET.

Flavor Version Tinstall Tcheck Ttotal Status Flags
r-devel-linux-x86_64-debian-clang 1.3.4 16.05 183.69 199.74 NOTE
r-devel-linux-x86_64-debian-gcc 1.3.4 12.62 129.46 142.08 NOTE
r-devel-linux-x86_64-fedora-clang 1.3.4 237.11 NOTE
r-devel-linux-x86_64-fedora-gcc 1.3.4 229.66 NOTE
r-devel-windows-x86_64-new-UL 1.3.4 45.00 302.00 347.00 NOTE
r-devel-windows-x86_64-new-TK 1.3.4 NOTE
r-patched-linux-x86_64 1.3.4 15.01 176.20 191.21 NOTE
r-release-linux-x86_64 1.3.4 17.59 179.46 197.05 NOTE
r-release-macos-arm64 1.3.4 NOTE
r-release-macos-x86_64 1.3.4 NOTE
r-release-windows-ix86+x86_64 1.3.4 38.00 385.00 423.00 NOTE
r-oldrel-macos-x86_64 1.3.4 OK
r-oldrel-windows-ix86+x86_64 1.3.4 39.00 384.00 423.00 OK

Check Details

Version: 1.3.4
Check: LazyData
Result: NOTE
     'LazyData' is specified without a 'data' directory
Flavors: r-devel-linux-x86_64-debian-clang, r-devel-linux-x86_64-debian-gcc, r-devel-linux-x86_64-fedora-clang, r-devel-linux-x86_64-fedora-gcc, r-devel-windows-x86_64-new-UL, r-devel-windows-x86_64-new-TK, r-patched-linux-x86_64, r-release-linux-x86_64, r-release-macos-arm64, r-release-macos-x86_64, r-release-windows-ix86+x86_64