CRAN Package Check Results for Package MRTSampleSizeBinary

Last updated on 2022-01-27 06:48:40 CET.

Flavor Version Tinstall Tcheck Ttotal Status Flags
r-devel-linux-x86_64-debian-clang 0.1.0 9.56 106.40 115.96 OK
r-devel-linux-x86_64-debian-gcc 0.1.0 7.98 81.47 89.45 OK
r-devel-linux-x86_64-fedora-clang 0.1.0 137.04 NOTE
r-devel-linux-x86_64-fedora-gcc 0.1.0 127.99 NOTE
r-devel-windows-x86_64-new-UL 0.1.0 67.00 123.00 190.00 OK
r-devel-windows-x86_64-new-TK 0.1.0 NOTE
r-patched-linux-x86_64 0.1.0 8.81 94.70 103.51 OK
r-release-linux-x86_64 0.1.0 7.65 95.42 103.07 OK
r-release-macos-arm64 0.1.0 NOTE
r-release-macos-x86_64 0.1.0 NOTE
r-release-windows-ix86+x86_64 0.1.0 22.00 114.00 136.00 OK
r-oldrel-macos-x86_64 0.1.0 NOTE
r-oldrel-windows-ix86+x86_64 0.1.0 23.00 120.00 143.00 OK

Check Details

Version: 0.1.0
Check: dependencies in R code
Result: NOTE
    Namespace in Imports field not imported from: ‘dplyr’
     All declared Imports should be used.
Flavors: r-devel-linux-x86_64-fedora-clang, r-devel-linux-x86_64-fedora-gcc, r-devel-windows-x86_64-new-TK, r-release-macos-arm64, r-release-macos-x86_64, r-oldrel-macos-x86_64