CRAN Package Check Results for Package MLID

Last updated on 2022-01-21 07:52:39 CET.

Flavor Version Tinstall Tcheck Ttotal Status Flags
r-devel-linux-x86_64-debian-clang 1.0.1 OK
r-devel-linux-x86_64-debian-gcc 1.0.1 7.17 85.02 92.19 OK
r-devel-linux-x86_64-fedora-clang 1.0.1 143.91 NOTE
r-devel-linux-x86_64-fedora-gcc 1.0.1 135.05 NOTE
r-devel-windows-x86_64-new-UL 1.0.1 41.00 140.00 181.00 OK
r-devel-windows-x86_64-new-TK 1.0.1 NOTE
r-patched-linux-x86_64 1.0.1 7.95 109.66 117.61 OK
r-release-linux-x86_64 1.0.1 7.01 109.24 116.25 OK
r-release-macos-arm64 1.0.1 NOTE
r-release-macos-x86_64 1.0.1 NOTE
r-release-windows-ix86+x86_64 1.0.1 19.00 135.00 154.00 OK
r-oldrel-macos-x86_64 1.0.1 NOTE
r-oldrel-windows-ix86+x86_64 1.0.1 19.00 138.00 157.00 OK

Check Details

Version: 1.0.1
Check: dependencies in R code
Result: NOTE
    Namespace in Imports field not imported from: ‘nlme’
     All declared Imports should be used.
Flavors: r-devel-linux-x86_64-fedora-clang, r-devel-linux-x86_64-fedora-gcc, r-devel-windows-x86_64-new-TK, r-release-macos-arm64, r-release-macos-x86_64, r-oldrel-macos-x86_64