Last updated on 2022-07-04 06:51:28 CEST.
Flavor | Version | Tinstall | Tcheck | Ttotal | Status | Flags |
---|---|---|---|---|---|---|
r-devel-linux-x86_64-debian-clang | 0.5 | 17.23 | 170.87 | 188.10 | NOTE | |
r-devel-linux-x86_64-debian-gcc | 0.5 | 11.56 | 125.37 | 136.93 | NOTE | |
r-devel-linux-x86_64-fedora-clang | 0.5 | 241.04 | NOTE | |||
r-devel-linux-x86_64-fedora-gcc | 0.5 | 229.07 | NOTE | |||
r-devel-windows-x86_64 | 0.5 | 25.00 | 233.00 | 258.00 | NOTE | |
r-patched-linux-x86_64 | 0.5 | 12.63 | 159.58 | 172.21 | OK | |
r-release-linux-x86_64 | 0.5 | 10.19 | 159.93 | 170.12 | OK | |
r-release-macos-arm64 | 0.5 | 63.00 | OK | |||
r-release-macos-x86_64 | 0.5 | 109.00 | OK | |||
r-release-windows-x86_64 | 0.5 | 23.00 | 205.00 | 228.00 | OK | |
r-oldrel-macos-arm64 | 0.5 | 75.00 | OK | |||
r-oldrel-macos-x86_64 | 0.5 | 120.00 | OK | |||
r-oldrel-windows-ix86+x86_64 | 0.5 | 33.00 | 188.00 | 221.00 | OK |
Version: 0.5
Check: Rd files
Result: NOTE
checkRd: (-1) ssize.propCI.Rd:38: Escaped LaTeX specials: \&
Flavors: r-devel-linux-x86_64-debian-clang, r-devel-linux-x86_64-debian-gcc, r-devel-linux-x86_64-fedora-clang, r-devel-linux-x86_64-fedora-gcc, r-devel-windows-x86_64