Last updated on 2022-05-16 06:52:29 CEST.
Flavor | Version | Tinstall | Tcheck | Ttotal | Status | Flags |
---|---|---|---|---|---|---|
r-devel-linux-x86_64-debian-clang | 0.1.0 | 875.50 | 284.58 | 1160.08 | NOTE | |
r-devel-linux-x86_64-debian-gcc | 0.1.0 | 774.52 | 230.23 | 1004.75 | NOTE | |
r-devel-linux-x86_64-fedora-clang | 0.1.0 | 1583.38 | NOTE | |||
r-devel-linux-x86_64-fedora-gcc | 0.1.0 | 1674.12 | NOTE | |||
r-devel-windows-x86_64 | 0.1.0 | 534.00 | 359.00 | 893.00 | NOTE | |
r-patched-linux-x86_64 | 0.1.0 | 703.39 | 293.18 | 996.57 | NOTE | |
r-release-linux-x86_64 | 0.1.0 | 610.01 | 295.22 | 905.23 | NOTE | |
r-release-macos-arm64 | 0.1.0 | 415.00 | NOTE | |||
r-release-macos-x86_64 | 0.1.0 | 650.00 | NOTE | |||
r-release-windows-x86_64 | 0.1.0 | 578.00 | 370.00 | 948.00 | NOTE | |
r-oldrel-macos-arm64 | 0.1.0 | 457.00 | NOTE | |||
r-oldrel-macos-x86_64 | 0.1.0 | 676.00 | NOTE | |||
r-oldrel-windows-ix86+x86_64 | 0.1.0 | 1769.00 | 12.00 | 1781.00 | ERROR |
Version: 0.1.0
Check: for GNU extensions in Makefiles
Result: NOTE
GNU make is a SystemRequirements.
Flavors: r-devel-linux-x86_64-debian-clang, r-devel-linux-x86_64-debian-gcc, r-devel-linux-x86_64-fedora-clang, r-devel-linux-x86_64-fedora-gcc, r-devel-windows-x86_64, r-patched-linux-x86_64, r-release-linux-x86_64, r-release-macos-arm64, r-release-macos-x86_64, r-release-windows-x86_64, r-oldrel-macos-arm64, r-oldrel-macos-x86_64
Version: 0.1.0
Check: installed package size
Result: NOTE
installed size is 93.1Mb
sub-directories of 1Mb or more:
libs 92.4Mb
Flavors: r-devel-linux-x86_64-fedora-clang, r-devel-windows-x86_64, r-release-macos-arm64, r-release-macos-x86_64, r-release-windows-x86_64, r-oldrel-macos-arm64, r-oldrel-macos-x86_64
Version: 0.1.0
Check: dependencies in R code
Result: NOTE
Namespaces in Imports field not imported from:
‘pracma’ ‘rstantools’
All declared Imports should be used.
Flavors: r-devel-linux-x86_64-fedora-clang, r-devel-linux-x86_64-fedora-gcc, r-release-macos-arm64, r-release-macos-x86_64, r-oldrel-macos-arm64, r-oldrel-macos-x86_64
Version: 0.1.0
Check: whether package can be installed
Result: ERROR
Installation failed.
Flavor: r-oldrel-windows-ix86+x86_64