Last updated on 2022-05-16 06:52:28 CEST.
Flavor | Version | Tinstall | Tcheck | Ttotal | Status | Flags |
---|---|---|---|---|---|---|
r-devel-linux-x86_64-debian-clang | 0.4 | 41.82 | 84.25 | 126.07 | OK | |
r-devel-linux-x86_64-debian-gcc | 0.4 | 39.95 | 61.01 | 100.96 | OK | |
r-devel-linux-x86_64-fedora-clang | 0.4 | 163.56 | OK | |||
r-devel-linux-x86_64-fedora-gcc | 0.4 | 160.54 | OK | |||
r-devel-windows-x86_64 | 0.4 | 61.00 | 120.00 | 181.00 | OK | |
r-patched-linux-x86_64 | 0.4 | 40.07 | 79.72 | 119.79 | OK | |
r-release-linux-x86_64 | 0.4 | 40.30 | 78.72 | 119.02 | OK | |
r-release-macos-arm64 | 0.4 | 44.00 | NOTE | |||
r-release-macos-x86_64 | 0.4 | 84.00 | NOTE | |||
r-release-windows-x86_64 | 0.4 | 51.00 | 123.00 | 174.00 | OK | |
r-oldrel-macos-arm64 | 0.4 | 43.00 | NOTE | |||
r-oldrel-macos-x86_64 | 0.4 | 66.00 | NOTE | |||
r-oldrel-windows-ix86+x86_64 | 0.4 | 110.00 | 143.00 | 253.00 | OK |
Version: 0.4
Check: installed package size
Result: NOTE
installed size is 6.0Mb
sub-directories of 1Mb or more:
libs 5.4Mb
Flavors: r-release-macos-arm64, r-release-macos-x86_64, r-oldrel-macos-arm64, r-oldrel-macos-x86_64