CRAN Package Check Results for Package MCPModGeneral

Last updated on 2022-08-15 06:49:11 CEST.

Flavor Version Tinstall Tcheck Ttotal Status Flags
r-devel-linux-x86_64-debian-clang 0.1-1 3.24 66.33 69.57 NOTE
r-devel-linux-x86_64-debian-gcc 0.1-1 3.24 50.65 53.89 NOTE
r-devel-linux-x86_64-fedora-clang 0.1-1 96.24 NOTE
r-devel-linux-x86_64-fedora-gcc 0.1-1 92.87 NOTE
r-devel-windows-x86_64 0.1-1 29.00 113.00 142.00 NOTE
r-patched-linux-x86_64 0.1-1 4.46 65.12 69.58 NOTE
r-release-linux-x86_64 0.1-1 3.36 64.27 67.63 NOTE
r-release-macos-arm64 0.1-1 33.00 NOTE
r-release-macos-x86_64 0.1-1 40.00 NOTE
r-release-windows-x86_64 0.1-1 27.00 114.00 141.00 NOTE
r-oldrel-macos-arm64 0.1-1 46.00 NOTE
r-oldrel-macos-x86_64 0.1-1 59.00 NOTE
r-oldrel-windows-ix86+x86_64 0.1-1 9.00 110.00 119.00 NOTE

Check Details

Version: 0.1-1
Check: LazyData
Result: NOTE
     'LazyData' is specified without a 'data' directory
Flavors: r-devel-linux-x86_64-debian-clang, r-devel-linux-x86_64-debian-gcc, r-devel-linux-x86_64-fedora-clang, r-devel-linux-x86_64-fedora-gcc, r-devel-windows-x86_64, r-patched-linux-x86_64, r-release-linux-x86_64, r-release-macos-arm64, r-release-macos-x86_64, r-release-windows-x86_64, r-oldrel-macos-arm64, r-oldrel-macos-x86_64, r-oldrel-windows-ix86+x86_64