Last updated on 2022-07-07 06:49:58 CEST.
Flavor | Version | Tinstall | Tcheck | Ttotal | Status | Flags |
---|---|---|---|---|---|---|
r-devel-linux-x86_64-debian-clang | 1.6-3 | 651.84 | 140.72 | 792.56 | OK | |
r-devel-linux-x86_64-debian-gcc | 1.6-3 | 376.93 | 106.38 | 483.31 | OK | |
r-devel-linux-x86_64-fedora-clang | 1.6-3 | 1238.80 | NOTE | |||
r-devel-linux-x86_64-fedora-gcc | 1.6-3 | 763.30 | OK | |||
r-devel-windows-x86_64 | 1.6-3 | 316.00 | 197.00 | 513.00 | OK | |
r-patched-linux-x86_64 | 1.6-3 | 388.92 | 136.53 | 525.45 | OK | |
r-release-linux-x86_64 | 1.6-3 | 363.97 | 135.31 | 499.28 | OK | |
r-release-macos-arm64 | 1.6-3 | 267.00 | NOTE | |||
r-release-macos-x86_64 | 1.6-3 | 282.00 | NOTE | |||
r-release-windows-x86_64 | 1.6-3 | 325.00 | 203.00 | 528.00 | OK | |
r-oldrel-macos-arm64 | 1.6-3 | 211.00 | NOTE | |||
r-oldrel-macos-x86_64 | 1.6-3 | 287.00 | NOTE | |||
r-oldrel-windows-ix86+x86_64 | 1.6-3 | 842.00 | 235.00 | 1077.00 | NOTE |
Version: 1.6-3
Check: installed package size
Result: NOTE
installed size is 35.2Mb
sub-directories of 1Mb or more:
libs 34.0Mb
Flavors: r-devel-linux-x86_64-fedora-clang, r-release-macos-arm64, r-release-macos-x86_64, r-oldrel-macos-arm64, r-oldrel-macos-x86_64, r-oldrel-windows-ix86+x86_64