Last updated on 2022-07-02 07:07:03 CEST.
Flavor | Version | Tinstall | Tcheck | Ttotal | Status | Flags |
---|---|---|---|---|---|---|
r-devel-linux-x86_64-debian-clang | 0.0.21 | 13.98 | 147.07 | 161.05 | NOTE | |
r-devel-linux-x86_64-debian-gcc | 0.0.21 | 13.15 | 111.45 | 124.60 | NOTE | |
r-devel-linux-x86_64-fedora-clang | 0.0.21 | 212.32 | NOTE | |||
r-devel-linux-x86_64-fedora-gcc | 0.0.21 | 203.42 | NOTE | |||
r-devel-windows-x86_64 | 0.0.21 | 199.00 | 164.00 | 363.00 | NOTE | |
r-patched-linux-x86_64 | 0.0.21 | 17.25 | 140.69 | 157.94 | NOTE | |
r-release-linux-x86_64 | 0.0.21 | 14.27 | 140.27 | 154.54 | NOTE | |
r-release-macos-arm64 | 0.0.21 | 65.00 | NOTE | |||
r-release-macos-x86_64 | 0.0.21 | 77.00 | NOTE | |||
r-release-windows-x86_64 | 0.0.21 | 27.00 | 161.00 | 188.00 | NOTE | |
r-oldrel-macos-arm64 | 0.0.21 | 73.00 | NOTE | |||
r-oldrel-macos-x86_64 | 0.0.21 | 108.00 | NOTE | |||
r-oldrel-windows-ix86+x86_64 | 0.0.21 | 24.00 | 231.00 | 255.00 | NOTE |
Version: 0.0.21
Check: package dependencies
Result: NOTE
Package suggested but not available for checking: 'cplexAPI'
Flavors: r-devel-linux-x86_64-debian-clang, r-devel-linux-x86_64-debian-gcc, r-devel-linux-x86_64-fedora-clang, r-devel-linux-x86_64-fedora-gcc, r-devel-windows-x86_64, r-patched-linux-x86_64, r-release-linux-x86_64, r-release-macos-arm64, r-release-macos-x86_64, r-release-windows-x86_64, r-oldrel-macos-arm64, r-oldrel-macos-x86_64, r-oldrel-windows-ix86+x86_64