CRAN Package Check Results for Package MBNMAtime

Last updated on 2022-08-13 07:55:25 CEST.

Flavor Version Tinstall Tcheck Ttotal Status Flags
r-devel-linux-x86_64-debian-clang 0.2.1 10.49 519.81 530.30 OK
r-devel-linux-x86_64-debian-gcc 0.2.1 7.82 371.68 379.50 OK
r-devel-linux-x86_64-fedora-clang 0.2.1 602.07 NOTE
r-devel-linux-x86_64-fedora-gcc 0.2.1 598.72 OK
r-devel-windows-x86_64 0.2.1 59.00 520.00 579.00 OK
r-patched-linux-x86_64 0.2.1 12.43 477.68 490.11 OK
r-release-linux-x86_64 0.2.1 9.92 477.16 487.08 OK
r-release-macos-arm64 0.2.1 205.00 OK
r-release-macos-x86_64 0.2.1 236.00 NOTE
r-release-windows-x86_64 0.2.1 58.00 537.00 595.00 OK
r-oldrel-macos-arm64 0.2.1 54.00 OK
r-oldrel-macos-x86_64 0.2.1 82.00 OK
r-oldrel-windows-ix86+x86_64 0.2.1 20.00 573.00 593.00 OK

Check Details

Version: 0.2.1
Check: Rd cross-references
Result: NOTE
    Undeclared package ‘gemtc’ in Rd xrefs
Flavor: r-devel-linux-x86_64-fedora-clang

Version: 0.2.1
Check: Rd cross-references
Result: NOTE
    Package unavailable to check Rd xrefs: ‘gemtc’
Flavor: r-release-macos-x86_64