CRAN Package Check Results for Package MBNMAdose

Last updated on 2022-05-18 06:50:46 CEST.

Flavor Version Tinstall Tcheck Ttotal Status Flags
r-devel-linux-x86_64-debian-clang 0.4.1 9.41 519.05 528.46 OK
r-devel-linux-x86_64-debian-gcc 0.4.1 9.16 360.21 369.37 OK
r-devel-linux-x86_64-fedora-clang 0.4.1 633.89 NOTE
r-devel-linux-x86_64-fedora-gcc 0.4.1 614.61 NOTE
r-devel-windows-x86_64 0.4.1 78.00 613.00 691.00 OK
r-patched-linux-x86_64 0.4.1 9.57 498.83 508.40 OK
r-release-linux-x86_64 0.4.1 8.64 522.84 531.48 OK
r-release-macos-arm64 0.4.1 215.00 NOTE
r-release-macos-x86_64 0.4.1 266.00 NOTE
r-release-windows-x86_64 0.4.1 89.00 610.00 699.00 OK
r-oldrel-macos-arm64 0.4.1 179.00 NOTE
r-oldrel-macos-x86_64 0.4.1 263.00 NOTE
r-oldrel-windows-ix86+x86_64 0.4.1 21.00 643.00 664.00 OK

Check Details

Version: 0.4.1
Check: data for non-ASCII characters
Result: NOTE
     Note: found 6 marked Latin-1 strings
Flavors: r-devel-linux-x86_64-fedora-clang, r-devel-linux-x86_64-fedora-gcc, r-release-macos-arm64, r-release-macos-x86_64, r-oldrel-macos-arm64, r-oldrel-macos-x86_64