CRAN Package Check Results for Package MALDIrppa

Last updated on 2022-01-20 06:49:23 CET.

Flavor Version Tinstall Tcheck Ttotal Status Flags
r-devel-linux-x86_64-debian-clang 1.0.5-1 OK
r-devel-linux-x86_64-debian-gcc 1.0.5-1 33.31 99.16 132.47 OK
r-devel-linux-x86_64-fedora-clang 1.0.5-1 210.95 NOTE
r-devel-linux-x86_64-fedora-gcc 1.0.5-1 196.74 OK
r-devel-windows-x86_64-new-UL 1.0.5-1 176.00 175.00 351.00 OK
r-devel-windows-x86_64-new-TK 1.0.5-1 OK
r-patched-linux-x86_64 1.0.5-1 38.13 122.53 160.66 OK
r-release-linux-x86_64 1.0.5-1 OK
r-release-macos-arm64 1.0.5-1 NOTE
r-release-macos-x86_64 1.0.5-1 NOTE
r-release-windows-ix86+x86_64 1.0.5-1 141.00 246.00 387.00 OK
r-oldrel-macos-x86_64 1.0.5-1 NOTE
r-oldrel-windows-ix86+x86_64 1.0.5-1 140.00 245.00 385.00 OK

Additional issues

donttest M1mac M1mac

Check Details

Version: 1.0.5-1
Check: installed package size
Result: NOTE
     installed size is 5.4Mb
     sub-directories of 1Mb or more:
     include 1.1Mb
     libs 2.5Mb
Flavors: r-devel-linux-x86_64-fedora-clang, r-release-macos-arm64, r-release-macos-x86_64, r-oldrel-macos-x86_64