CRAN Package Check Results for Package LearnGeom

Last updated on 2022-01-23 07:14:03 CET.

Flavor Version Tinstall Tcheck Ttotal Status Flags
r-devel-linux-x86_64-debian-clang 1.5 2.86 39.79 42.65 NOTE
r-devel-linux-x86_64-debian-gcc 1.5 2.16 33.03 35.19 NOTE
r-devel-linux-x86_64-fedora-clang 1.5 52.83 NOTE
r-devel-linux-x86_64-fedora-gcc 1.5 41.88 NOTE
r-devel-windows-x86_64-new-UL 1.5 70.00 58.00 128.00 NOTE
r-devel-windows-x86_64-new-TK 1.5 NOTE
r-patched-linux-x86_64 1.5 3.75 37.87 41.62 NOTE
r-release-linux-x86_64 1.5 3.15 38.81 41.96 NOTE
r-release-macos-arm64 1.5 NOTE
r-release-macos-x86_64 1.5 NOTE
r-release-windows-ix86+x86_64 1.5 7.00 51.00 58.00 NOTE
r-oldrel-macos-x86_64 1.5 OK
r-oldrel-windows-ix86+x86_64 1.5 8.00 49.00 57.00 OK

Check Details

Version: 1.5
Check: LazyData
Result: NOTE
     'LazyData' is specified without a 'data' directory
Flavors: r-devel-linux-x86_64-debian-clang, r-devel-linux-x86_64-debian-gcc, r-devel-linux-x86_64-fedora-clang, r-devel-linux-x86_64-fedora-gcc, r-devel-windows-x86_64-new-UL, r-devel-windows-x86_64-new-TK, r-patched-linux-x86_64, r-release-linux-x86_64, r-release-macos-arm64, r-release-macos-x86_64, r-release-windows-ix86+x86_64