Last updated on 2022-08-12 06:49:23 CEST.
Flavor | Version | Tinstall | Tcheck | Ttotal | Status | Flags |
---|---|---|---|---|---|---|
r-devel-linux-x86_64-debian-clang | 0.8.3 | 21.86 | 34.31 | 56.17 | OK | |
r-devel-linux-x86_64-debian-gcc | 0.8.3 | 13.34 | 26.09 | 39.43 | OK | |
r-devel-linux-x86_64-fedora-clang | 0.8.3 | 81.50 | NOTE | |||
r-devel-linux-x86_64-fedora-gcc | 0.8.3 | 75.96 | NOTE | |||
r-devel-windows-x86_64 | 0.8.3 | 23.00 | 87.00 | 110.00 | OK | |
r-patched-linux-x86_64 | 0.8.3 | 15.44 | 32.95 | 48.39 | OK | |
r-release-linux-x86_64 | 0.8.3 | 16.39 | 32.76 | 49.15 | OK | |
r-release-macos-arm64 | 0.8.3 | 25.00 | OK | |||
r-release-macos-x86_64 | 0.8.3 | 33.00 | OK | |||
r-release-windows-x86_64 | 0.8.3 | 23.00 | 87.00 | 110.00 | OK | |
r-oldrel-macos-arm64 | 0.8.3 | 24.00 | OK | |||
r-oldrel-macos-x86_64 | 0.8.3 | 48.00 | OK | |||
r-oldrel-windows-ix86+x86_64 | 0.8.3 | 48.00 | 77.00 | 125.00 | OK |
Version: 0.8.3
Check: Rd cross-references
Result: NOTE
Undeclared package ‘glmnet’ in Rd xrefs
Flavor: r-devel-linux-x86_64-fedora-clang
Version: 0.8.3
Check: compiled code
Result: NOTE
File ‘LassoNet/libs/LassoNet.so’:
Found no calls to: ‘R_registerRoutines’, ‘R_useDynamicSymbols’
It is good practice to register native routines and to disable symbol
search.
See ‘Writing portable packages’ in the ‘Writing R Extensions’ manual.
Flavors: r-devel-linux-x86_64-fedora-clang, r-devel-linux-x86_64-fedora-gcc