CRAN Package Check Results for Package Lahman

Last updated on 2022-01-26 06:50:18 CET.

Flavor Version Tinstall Tcheck Ttotal Status Flags
r-devel-linux-x86_64-debian-clang 9.0-0 45.64 92.21 137.85 OK
r-devel-linux-x86_64-debian-gcc 9.0-0 44.38 70.58 114.96 OK
r-devel-linux-x86_64-fedora-clang 9.0-0 179.37 NOTE
r-devel-linux-x86_64-fedora-gcc 9.0-0 169.23 OK
r-devel-windows-x86_64-new-UL 9.0-0 97.00 134.00 231.00 NOTE
r-devel-windows-x86_64-new-TK 9.0-0 WARN
r-patched-linux-x86_64 9.0-0 49.14 96.42 145.56 OK
r-release-linux-x86_64 9.0-0 45.63 97.71 143.34 OK
r-release-macos-arm64 9.0-0 NOTE
r-release-macos-x86_64 9.0-0 NOTE
r-release-windows-ix86+x86_64 9.0-0 68.00 127.00 195.00 NOTE
r-oldrel-macos-x86_64 9.0-0 NOTE
r-oldrel-windows-ix86+x86_64 9.0-0 67.00 130.00 197.00 NOTE

Check Details

Version: 9.0-0
Check: installed package size
Result: NOTE
     installed size is 6.7Mb
     sub-directories of 1Mb or more:
     data 6.0Mb
Flavors: r-devel-linux-x86_64-fedora-clang, r-devel-windows-x86_64-new-UL, r-release-macos-arm64, r-release-macos-x86_64, r-release-windows-ix86+x86_64, r-oldrel-macos-x86_64, r-oldrel-windows-ix86+x86_64

Version: 9.0-0
Check: Rd cross-references
Result: NOTE
    Undeclared package ‘plyr’ in Rd xrefs
Flavor: r-devel-linux-x86_64-fedora-clang

Version: 9.0-0
Check: package dependencies
Result: NOTE
    Package suggested but not available for checking: 'car'
Flavor: r-devel-windows-x86_64-new-TK

Version: 9.0-0
Check: re-building of vignette outputs
Result: WARN
    Error(s) in re-building vignettes:
    --- re-building 'hits-by-type.Rmd' using rmarkdown
    
    Attaching package: 'dplyr'
    
    The following objects are masked from 'package:stats':
    
     filter, lag
    
    The following objects are masked from 'package:base':
    
     intersect, setdiff, setequal, union
    
    Warning: `funs()` was deprecated in dplyr 0.8.0.
    Please use a list of either functions or lambdas:
    
     # Simple named list:
     list(mean = mean, median = median)
    
     # Auto named with `tibble::lst()`:
     tibble::lst(mean, median)
    
     # Using lambdas
     list(~ mean(., trim = .2), ~ median(., na.rm = TRUE))
    This warning is displayed once every 8 hours.
    Call `lifecycle::last_lifecycle_warnings()` to see where this warning was generated.
    `geom_smooth()` using formula 'y ~ x'
    --- finished re-building 'hits-by-type.Rmd'
    
    --- re-building 'payroll.Rmd' using rmarkdown
    `summarise()` has grouped output by 'teamID'. You can override using the `.groups` argument.
    Quitting from lines 214-218 (payroll.Rmd)
    Error: processing vignette 'payroll.Rmd' failed with diagnostics:
    there is no package called 'car'
    --- failed re-building 'payroll.Rmd'
    
    --- re-building 'run-scoring-trends.Rmd' using rmarkdown
    `geom_smooth()` using method = 'loess' and formula 'y ~ x'
    `geom_smooth()` using method = 'loess' and formula 'y ~ x'
    `geom_smooth()` using method = 'loess' and formula 'y ~ x'
    --- finished re-building 'run-scoring-trends.Rmd'
    
    --- re-building 'strikeoutsandhr.Rmd' using rmarkdown
    Quitting from lines 29-33 (strikeoutsandhr.Rmd)
    Error: processing vignette 'strikeoutsandhr.Rmd' failed with diagnostics:
    there is no package called 'car'
    --- failed re-building 'strikeoutsandhr.Rmd'
    
    --- re-building 'vignette-intro.Rmd' using rmarkdown
    --- finished re-building 'vignette-intro.Rmd'
    
    SUMMARY: processing the following files failed:
     'payroll.Rmd' 'strikeoutsandhr.Rmd'
    
    Error: Vignette re-building failed.
    Execution halted
Flavor: r-devel-windows-x86_64-new-TK