Last updated on 2022-08-19 06:52:27 CEST.
Flavor | Version | Tinstall | Tcheck | Ttotal | Status | Flags |
---|---|---|---|---|---|---|
r-devel-linux-x86_64-debian-clang | 0.5.5 | 37.01 | 119.88 | 156.89 | OK | |
r-devel-linux-x86_64-debian-gcc | 0.5.5 | 28.01 | 91.25 | 119.26 | OK | |
r-devel-linux-x86_64-fedora-clang | 0.5.5 | 200.42 | OK | |||
r-devel-linux-x86_64-fedora-gcc | 0.5.5 | 196.73 | OK | |||
r-devel-windows-x86_64 | 0.5.5 | 53.00 | 140.00 | 193.00 | OK | |
r-patched-linux-x86_64 | 0.5.5 | 33.21 | 115.47 | 148.68 | OK | |
r-release-linux-x86_64 | 0.5.5 | OK | ||||
r-release-macos-arm64 | 0.5.5 | 53.00 | NOTE | |||
r-release-macos-x86_64 | 0.5.5 | 98.00 | OK | |||
r-release-windows-x86_64 | 0.5.5 | 60.00 | 140.00 | 200.00 | OK | |
r-oldrel-macos-arm64 | 0.5.5 | 58.00 | NOTE | |||
r-oldrel-macos-x86_64 | 0.5.5 | 88.00 | OK | |||
r-oldrel-windows-ix86+x86_64 | 0.5.5 | 74.00 | 175.00 | 249.00 | OK |
Version: 0.5.5
Check: package dependencies
Result: NOTE
Package suggested but not available for checking: ‘LTRCtrees’
Flavors: r-release-macos-arm64, r-oldrel-macos-arm64
Version: 0.5.5
Check: Rd cross-references
Result: NOTE
Package unavailable to check Rd xrefs: ‘LTRCtrees’
Flavors: r-release-macos-arm64, r-oldrel-macos-arm64