Last updated on 2022-08-11 06:51:48 CEST.
Flavor | Version | Tinstall | Tcheck | Ttotal | Status | Flags |
---|---|---|---|---|---|---|
r-devel-linux-x86_64-debian-clang | 1.1.0 | 15.27 | 154.21 | 169.48 | NOTE | |
r-devel-linux-x86_64-debian-gcc | 1.1.0 | 13.80 | 112.86 | 126.66 | NOTE | |
r-devel-linux-x86_64-fedora-clang | 1.1.0 | 208.04 | NOTE | |||
r-devel-linux-x86_64-fedora-gcc | 1.1.0 | 215.41 | NOTE | |||
r-devel-windows-x86_64 | 1.1.0 | 19.00 | 149.00 | 168.00 | NOTE | |
r-patched-linux-x86_64 | 1.1.0 | 14.96 | 146.34 | 161.30 | NOTE | |
r-release-linux-x86_64 | 1.1.0 | NOTE | ||||
r-release-macos-arm64 | 1.1.0 | 53.00 | NOTE | |||
r-release-macos-x86_64 | 1.1.0 | 113.00 | NOTE | |||
r-release-windows-x86_64 | 1.1.0 | 18.00 | 157.00 | 175.00 | NOTE | |
r-oldrel-macos-arm64 | 1.1.0 | 78.00 | NOTE | |||
r-oldrel-macos-x86_64 | 1.1.0 | 101.00 | NOTE | |||
r-oldrel-windows-ix86+x86_64 | 1.1.0 | 36.00 | 161.00 | 197.00 | NOTE |
Version: 1.1.0
Check: LazyData
Result: NOTE
'LazyData' is specified without a 'data' directory
Flavors: r-devel-linux-x86_64-debian-clang, r-devel-linux-x86_64-debian-gcc, r-devel-linux-x86_64-fedora-clang, r-devel-linux-x86_64-fedora-gcc, r-devel-windows-x86_64, r-patched-linux-x86_64, r-release-linux-x86_64, r-release-macos-arm64, r-release-macos-x86_64, r-release-windows-x86_64, r-oldrel-macos-arm64, r-oldrel-macos-x86_64, r-oldrel-windows-ix86+x86_64