CRAN Package Check Results for Package KODAMA

Last updated on 2022-01-16 06:48:52 CET.

Flavor Version Tinstall Tcheck Ttotal Status Flags
r-devel-linux-x86_64-debian-clang 1.8 58.13 62.28 120.41 OK
r-devel-linux-x86_64-debian-gcc 1.8 43.16 53.47 96.63 OK
r-devel-linux-x86_64-fedora-clang 1.8 186.29 NOTE
r-devel-linux-x86_64-fedora-gcc 1.8 153.65 OK
r-devel-windows-x86_64-new-UL 1.8 85.00 116.00 201.00 OK
r-devel-windows-x86_64-new-TK 1.8 OK
r-patched-linux-x86_64 1.8 43.13 61.21 104.34 OK
r-release-linux-x86_64 1.8 OK
r-release-macos-arm64 1.8 NOTE
r-release-macos-x86_64 1.8 NOTE
r-release-windows-ix86+x86_64 1.8 144.00 117.00 261.00 NOTE
r-oldrel-macos-x86_64 1.8 NOTE
r-oldrel-windows-ix86+x86_64 1.8 144.00 113.00 257.00 NOTE

Additional issues

donttest

Check Details

Version: 1.8
Check: installed package size
Result: NOTE
     installed size is 6.1Mb
     sub-directories of 1Mb or more:
     data 1.6Mb
     libs 3.4Mb
Flavors: r-devel-linux-x86_64-fedora-clang, r-release-macos-arm64, r-release-macos-x86_64, r-release-windows-ix86+x86_64, r-oldrel-macos-x86_64, r-oldrel-windows-ix86+x86_64