CRAN Package Check Results for Package KCSKNNShiny

Last updated on 2022-05-25 07:50:23 CEST.

Flavor Version Tinstall Tcheck Ttotal Status Flags
r-devel-linux-x86_64-debian-clang 0.1.0 16.15 145.32 161.47 NOTE
r-devel-linux-x86_64-debian-gcc 0.1.0 12.47 105.96 118.43 NOTE
r-devel-linux-x86_64-fedora-clang 0.1.0 198.68 NOTE
r-devel-linux-x86_64-fedora-gcc 0.1.0 205.29 NOTE
r-devel-windows-x86_64 0.1.0 22.00 150.00 172.00 NOTE
r-patched-linux-x86_64 0.1.0 11.93 137.99 149.92 NOTE
r-release-linux-x86_64 0.1.0 NOTE
r-release-macos-arm64 0.1.0 49.00 NOTE
r-release-macos-x86_64 0.1.0 83.00 NOTE
r-release-windows-x86_64 0.1.0 19.00 148.00 167.00 NOTE
r-oldrel-macos-arm64 0.1.0 50.00 NOTE
r-oldrel-macos-x86_64 0.1.0 83.00 NOTE
r-oldrel-windows-ix86+x86_64 0.1.0 37.00 144.00 181.00 NOTE

Check Details

Version: 0.1.0
Check: LazyData
Result: NOTE
     'LazyData' is specified without a 'data' directory
Flavors: r-devel-linux-x86_64-debian-clang, r-devel-linux-x86_64-debian-gcc, r-devel-linux-x86_64-fedora-clang, r-devel-linux-x86_64-fedora-gcc, r-devel-windows-x86_64, r-patched-linux-x86_64, r-release-linux-x86_64, r-release-macos-arm64, r-release-macos-x86_64, r-release-windows-x86_64, r-oldrel-macos-arm64, r-oldrel-macos-x86_64, r-oldrel-windows-ix86+x86_64