CRAN Package Check Results for Package JFE

Last updated on 2022-05-22 07:53:15 CEST.

Flavor Version Tinstall Tcheck Ttotal Status Flags
r-devel-linux-x86_64-debian-clang 2.5.3 19.85 167.03 186.88 OK
r-devel-linux-x86_64-debian-gcc 2.5.3 16.38 127.75 144.13 OK
r-devel-linux-x86_64-fedora-clang 2.5.3 248.88 OK
r-devel-linux-x86_64-fedora-gcc 2.5.3 241.97 OK
r-devel-windows-x86_64 2.5.3 33.00 205.00 238.00 OK
r-patched-linux-x86_64 2.5.3 15.88 163.83 179.71 OK
r-release-linux-x86_64 2.5.3 12.39 161.16 173.55 OK
r-release-macos-arm64 2.5.3 82.00 OK
r-release-macos-x86_64 2.5.3 125.00 OK
r-release-windows-x86_64 2.5.3 37.00 191.00 228.00 OK
r-oldrel-macos-arm64 2.5.3 82.00 OK
r-oldrel-macos-x86_64 2.5.3 121.00 OK
r-oldrel-windows-ix86+x86_64 2.5.3 36.00 190.00 226.00 ERROR

Check Details

Version: 2.5.3
Check: examples
Result: ERROR
    Running examples in 'JFE-Ex.R' failed
    The error most likely occurred in:
    
    > ### Name: getFed
    > ### Title: Download financial and economic time series data from the Fed
    > ### Aliases: getFed
    >
    > ### ** Examples
    >
    >
    > getFed(var.name="UNRATE")$data
    Warning in file(file, "rt") :
     InternetOpenUrl failed: 'Die Serververbindung konnte nicht hergestellt werden.'
    Error in file(file, "rt") : cannot open the connection
    Calls: getFed -> read.csv -> read.table -> file
    Execution halted
Flavor: r-oldrel-windows-ix86+x86_64