Last updated on 2022-06-30 06:49:27 CEST.
Flavor | Version | Tinstall | Tcheck | Ttotal | Status | Flags |
---|---|---|---|---|---|---|
r-devel-linux-x86_64-debian-clang | 0.3.1 | 15.19 | 116.91 | 132.10 | OK | |
r-devel-linux-x86_64-debian-gcc | 0.3.1 | 10.60 | 86.69 | 97.29 | OK | |
r-devel-linux-x86_64-fedora-clang | 0.3.1 | 168.54 | WARN | |||
r-devel-linux-x86_64-fedora-gcc | 0.3.1 | 160.83 | WARN | |||
r-devel-windows-x86_64 | 0.3.1 | 16.00 | 137.00 | 153.00 | OK | |
r-patched-linux-x86_64 | 0.3.1 | 13.07 | 110.57 | 123.64 | OK | |
r-release-linux-x86_64 | 0.3.1 | 9.03 | 111.21 | 120.24 | OK | |
r-release-macos-arm64 | 0.3.1 | 46.00 | OK | |||
r-release-macos-x86_64 | 0.3.1 | 77.00 | OK | |||
r-release-windows-x86_64 | 0.3.1 | 19.00 | 134.00 | 153.00 | OK | |
r-oldrel-macos-arm64 | 0.3.1 | 51.00 | OK | |||
r-oldrel-macos-x86_64 | 0.3.1 | 75.00 | OK | |||
r-oldrel-windows-ix86+x86_64 | 0.3.1 | 32.00 | 136.00 | 168.00 | OK |
Version: 0.3.1
Check: package dependencies
Result: WARN
Requires (indirectly) orphaned package: ‘gtools’
Flavors: r-devel-linux-x86_64-fedora-clang, r-devel-linux-x86_64-fedora-gcc