CRAN Package Check Results for Package Irescale

Last updated on 2022-01-16 06:48:52 CET.

Flavor Version Tinstall Tcheck Ttotal Status Flags
r-devel-linux-x86_64-debian-clang 2.3.0 10.52 148.61 159.13 NOTE
r-devel-linux-x86_64-debian-gcc 2.3.0 8.20 123.91 132.11 NOTE
r-devel-linux-x86_64-fedora-clang 2.3.0 187.28 NOTE
r-devel-linux-x86_64-fedora-gcc 2.3.0 185.68 NOTE
r-devel-windows-x86_64-new-UL 2.3.0 73.00 173.00 246.00 NOTE
r-devel-windows-x86_64-new-TK 2.3.0 NOTE
r-patched-linux-x86_64 2.3.0 10.21 139.46 149.67 NOTE
r-release-linux-x86_64 2.3.0 NOTE
r-release-macos-arm64 2.3.0 NOTE
r-release-macos-x86_64 2.3.0 NOTE
r-release-windows-ix86+x86_64 2.3.0 25.00 166.00 191.00 NOTE
r-oldrel-macos-x86_64 2.3.0 OK
r-oldrel-windows-ix86+x86_64 2.3.0 24.00 186.00 210.00 OK

Check Details

Version: 2.3.0
Check: LazyData
Result: NOTE
     'LazyData' is specified without a 'data' directory
Flavors: r-devel-linux-x86_64-debian-clang, r-devel-linux-x86_64-debian-gcc, r-devel-linux-x86_64-fedora-clang, r-devel-linux-x86_64-fedora-gcc, r-devel-windows-x86_64-new-UL, r-devel-windows-x86_64-new-TK, r-patched-linux-x86_64, r-release-linux-x86_64, r-release-macos-arm64, r-release-macos-x86_64, r-release-windows-ix86+x86_64