CRAN Package Check Results for Package InterfaceqPCR

Last updated on 2022-08-12 06:49:22 CEST.

Flavor Version Tinstall Tcheck Ttotal Status Flags
r-devel-linux-x86_64-debian-clang 1.0 12.10 93.86 105.96 NOTE
r-devel-linux-x86_64-debian-gcc 1.0 9.42 71.09 80.51 NOTE
r-devel-linux-x86_64-fedora-clang 1.0 144.58 NOTE
r-devel-linux-x86_64-fedora-gcc 1.0 144.24 NOTE
r-devel-windows-x86_64 1.0 27.00 92.00 119.00 NOTE
r-patched-linux-x86_64 1.0 15.26 99.80 115.06 NOTE
r-release-linux-x86_64 1.0 16.14 100.23 116.37 NOTE
r-release-macos-arm64 1.0 57.00 NOTE
r-release-macos-x86_64 1.0 80.00 NOTE
r-release-windows-x86_64 1.0 24.00 95.00 119.00 NOTE
r-oldrel-macos-arm64 1.0 81.00 NOTE
r-oldrel-macos-x86_64 1.0 88.00 NOTE
r-oldrel-windows-ix86+x86_64 1.0 22.00 94.00 116.00 NOTE

Check Details

Version: 1.0
Check: LazyData
Result: NOTE
     'LazyData' is specified without a 'data' directory
Flavors: r-devel-linux-x86_64-debian-clang, r-devel-linux-x86_64-debian-gcc, r-devel-linux-x86_64-fedora-clang, r-devel-linux-x86_64-fedora-gcc, r-devel-windows-x86_64, r-patched-linux-x86_64, r-release-linux-x86_64, r-release-macos-arm64, r-release-macos-x86_64, r-release-windows-x86_64, r-oldrel-macos-arm64, r-oldrel-macos-x86_64, r-oldrel-windows-ix86+x86_64