Last updated on 2022-05-24 07:52:23 CEST.
Flavor | Version | Tinstall | Tcheck | Ttotal | Status | Flags |
---|---|---|---|---|---|---|
r-devel-linux-x86_64-debian-clang | 1.1.3 | 3.84 | 141.33 | 145.17 | OK | |
r-devel-linux-x86_64-debian-gcc | 1.1.3 | 2.37 | 178.12 | 180.49 | OK | |
r-devel-linux-x86_64-fedora-clang | 1.1.3 | 276.87 | NOTE | |||
r-devel-linux-x86_64-fedora-gcc | 1.1.3 | 269.97 | NOTE | |||
r-devel-windows-x86_64 | 1.1.3 | 22.00 | 349.00 | 371.00 | OK | |
r-patched-linux-x86_64 | 1.1.3 | 3.50 | 215.27 | 218.77 | OK | |
r-release-linux-x86_64 | 1.1.3 | OK | ||||
r-release-macos-arm64 | 1.1.3 | 74.00 | NOTE | |||
r-release-macos-x86_64 | 1.1.3 | 115.00 | NOTE | |||
r-release-windows-x86_64 | 1.1.3 | 24.00 | 342.00 | 366.00 | OK | |
r-oldrel-macos-arm64 | 1.1.3 | 91.00 | NOTE | |||
r-oldrel-macos-x86_64 | 1.1.3 | 91.00 | NOTE | |||
r-oldrel-windows-ix86+x86_64 | 1.1.3 | 9.00 | 186.00 | 195.00 | OK |
Version: 1.1.3
Check: dependencies in R code
Result: NOTE
Namespaces in Imports field not imported from:
‘curl’ ‘readxl’
All declared Imports should be used.
Flavors: r-devel-linux-x86_64-fedora-clang, r-devel-linux-x86_64-fedora-gcc, r-release-macos-arm64, r-release-macos-x86_64, r-oldrel-macos-arm64, r-oldrel-macos-x86_64