CRAN Package Check Results for Package IncDTW

Last updated on 2022-07-06 06:52:53 CEST.

Flavor Version Tinstall Tcheck Ttotal Status Flags
r-devel-linux-x86_64-debian-clang 1.1.4.4 111.17 100.74 211.91 NOTE
r-devel-linux-x86_64-debian-gcc 1.1.4.4 96.00 73.17 169.17 NOTE
r-devel-linux-x86_64-fedora-clang 1.1.4.4 338.85 NOTE
r-devel-linux-x86_64-fedora-gcc 1.1.4.4 306.04 NOTE
r-devel-windows-x86_64 1.1.4.4 102.00 142.00 244.00 NOTE
r-patched-linux-x86_64 1.1.4.4 105.24 95.15 200.39 NOTE
r-release-linux-x86_64 1.1.4.4 107.84 92.71 200.55 NOTE
r-release-macos-arm64 1.1.4.4 69.00 NOTE
r-release-macos-x86_64 1.1.4.4 118.00 NOTE
r-release-windows-x86_64 1.1.4.4 380.00 147.00 527.00 NOTE
r-oldrel-macos-arm64 1.1.4.4 67.00 NOTE
r-oldrel-macos-x86_64 1.1.4.4 95.00 NOTE
r-oldrel-windows-ix86+x86_64 1.1.4.4 299.00 177.00 476.00 NOTE

Check Details

Version: 1.1.4.4
Check: for GNU extensions in Makefiles
Result: NOTE
    GNU make is a SystemRequirements.
Flavors: r-devel-linux-x86_64-debian-clang, r-devel-linux-x86_64-debian-gcc, r-devel-linux-x86_64-fedora-clang, r-devel-linux-x86_64-fedora-gcc, r-devel-windows-x86_64, r-patched-linux-x86_64, r-release-linux-x86_64, r-release-macos-arm64, r-release-macos-x86_64, r-release-windows-x86_64, r-oldrel-macos-arm64, r-oldrel-macos-x86_64, r-oldrel-windows-ix86+x86_64

Version: 1.1.4.4
Check: installed package size
Result: NOTE
     installed size is 5.3Mb
     sub-directories of 1Mb or more:
     libs 3.5Mb
Flavors: r-devel-linux-x86_64-fedora-clang, r-release-macos-arm64, r-release-macos-x86_64, r-oldrel-macos-arm64, r-oldrel-macos-x86_64