CRAN Package Check Results for Package ImaginR

Last updated on 2022-08-09 06:51:16 CEST.

Flavor Version Tinstall Tcheck Ttotal Status Flags
r-devel-linux-x86_64-debian-clang 0.1.7 4.36 39.43 43.79 NOTE
r-devel-linux-x86_64-debian-gcc 0.1.7 3.07 30.91 33.98 NOTE
r-devel-linux-x86_64-fedora-clang 0.1.7 64.99 NOTE
r-devel-linux-x86_64-fedora-gcc 0.1.7 64.95 NOTE
r-devel-windows-x86_64 0.1.7 8.00 67.00 75.00 NOTE
r-patched-linux-x86_64 0.1.7 3.96 38.70 42.66 NOTE
r-release-linux-x86_64 0.1.7 NOTE
r-release-macos-arm64 0.1.7 19.00 NOTE
r-release-macos-x86_64 0.1.7 30.00 NOTE
r-release-windows-x86_64 0.1.7 7.00 67.00 74.00 NOTE
r-oldrel-macos-arm64 0.1.7 24.00 NOTE
r-oldrel-macos-x86_64 0.1.7 38.00 NOTE
r-oldrel-windows-ix86+x86_64 0.1.7 11.00 60.00 71.00 NOTE

Check Details

Version: 0.1.7
Check: LazyData
Result: NOTE
     'LazyData' is specified without a 'data' directory
Flavors: r-devel-linux-x86_64-debian-clang, r-devel-linux-x86_64-debian-gcc, r-devel-linux-x86_64-fedora-clang, r-devel-linux-x86_64-fedora-gcc, r-devel-windows-x86_64, r-patched-linux-x86_64, r-release-linux-x86_64, r-release-macos-arm64, r-release-macos-x86_64, r-release-windows-x86_64, r-oldrel-macos-arm64, r-oldrel-macos-x86_64, r-oldrel-windows-ix86+x86_64

Version: 0.1.7
Check: dependencies in R code
Result: NOTE
    Namespace in Imports field not imported from: ‘jpeg’
     All declared Imports should be used.
Flavors: r-devel-linux-x86_64-fedora-clang, r-devel-linux-x86_64-fedora-gcc, r-release-macos-arm64, r-release-macos-x86_64, r-oldrel-macos-arm64, r-oldrel-macos-x86_64