CRAN Package Check Results for Package ISOcodes

Last updated on 2022-05-25 07:50:23 CEST.

Flavor Version Tinstall Tcheck Ttotal Status Flags
r-devel-linux-x86_64-debian-clang 2022.01.10 1.50 23.49 24.99 OK
r-devel-linux-x86_64-debian-gcc 2022.01.10 1.54 18.62 20.16 OK
r-devel-linux-x86_64-fedora-clang 2022.01.10 32.11 NOTE
r-devel-linux-x86_64-fedora-gcc 2022.01.10 31.74 NOTE
r-devel-windows-x86_64 2022.01.10 15.00 36.00 51.00 OK
r-patched-linux-x86_64 2022.01.10 1.68 23.23 24.91 OK
r-release-linux-x86_64 2022.01.10 OK
r-release-macos-arm64 2022.01.10 11.00 NOTE
r-release-macos-x86_64 2022.01.10 17.00 NOTE
r-release-windows-x86_64 2022.01.10 5.00 36.00 41.00 OK
r-oldrel-macos-arm64 2022.01.10 12.00 NOTE
r-oldrel-macos-x86_64 2022.01.10 17.00 NOTE
r-oldrel-windows-ix86+x86_64 2022.01.10 4.00 26.00 30.00 OK

Check Details

Version: 2022.01.10
Check: Rd cross-references
Result: NOTE
    Undeclared package ‘Unicode’ in Rd xrefs
Flavor: r-devel-linux-x86_64-fedora-clang

Version: 2022.01.10
Check: data for non-ASCII characters
Result: NOTE
     Note: found 7523 marked UTF-8 strings
Flavors: r-devel-linux-x86_64-fedora-clang, r-devel-linux-x86_64-fedora-gcc, r-release-macos-arm64, r-release-macos-x86_64, r-oldrel-macos-arm64, r-oldrel-macos-x86_64