CRAN Package Check Results for Package IRexamples

Last updated on 2022-01-25 07:50:10 CET.

Flavor Version Tinstall Tcheck Ttotal Status Flags
r-devel-linux-x86_64-debian-clang 0.0.1 23.40 214.59 237.99 OK
r-devel-linux-x86_64-debian-gcc 0.0.1 23.36 182.96 206.32 OK
r-devel-linux-x86_64-fedora-clang 0.0.1 287.20 OK
r-devel-linux-x86_64-fedora-gcc 0.0.1 293.52 OK
r-devel-windows-x86_64-new-UL 0.0.1 101.00 272.00 373.00 OK
r-devel-windows-x86_64-new-TK 0.0.1 ERROR
r-patched-linux-x86_64 0.0.1 23.37 206.84 230.21 OK
r-release-linux-x86_64 0.0.1 22.18 204.38 226.56 OK
r-release-macos-arm64 0.0.1 OK
r-release-macos-x86_64 0.0.1 OK
r-release-windows-ix86+x86_64 0.0.1 58.00 264.00 322.00 OK
r-oldrel-macos-x86_64 0.0.1 OK
r-oldrel-windows-ix86+x86_64 0.0.1 59.00 269.00 328.00 OK

Check Details

Version: 0.0.1
Check: package dependencies
Result: ERROR
    Package required but not available: 'rstanarm'
    
    See section 'The DESCRIPTION file' in the 'Writing R Extensions'
    manual.
Flavor: r-devel-windows-x86_64-new-TK