CRAN Package Check Results for Package IDSA

Last updated on 2022-01-26 06:50:17 CET.

Flavor Version Tinstall Tcheck Ttotal Status Flags
r-devel-linux-x86_64-debian-clang 2.1 5.54 75.72 81.26 OK
r-devel-linux-x86_64-debian-gcc 2.1 3.93 57.11 61.04 OK
r-devel-linux-x86_64-fedora-clang 2.1 98.95 NOTE
r-devel-linux-x86_64-fedora-gcc 2.1 88.00 NOTE
r-devel-windows-x86_64-new-UL 2.1 24.00 117.00 141.00 OK
r-devel-windows-x86_64-new-TK 2.1 WARN
r-patched-linux-x86_64 2.1 5.53 68.17 73.70 OK
r-release-linux-x86_64 2.1 4.97 68.82 73.79 OK
r-release-macos-arm64 2.1 NOTE
r-release-macos-x86_64 2.1 NOTE
r-release-windows-ix86+x86_64 2.1 16.00 94.00 110.00 OK
r-oldrel-macos-x86_64 2.1 NOTE
r-oldrel-windows-ix86+x86_64 2.1 17.00 94.00 111.00 OK

Check Details

Version: 2.1
Check: dependencies in R code
Result: NOTE
    Namespace in Imports field not imported from: ‘kableExtra’
     All declared Imports should be used.
Flavors: r-devel-linux-x86_64-fedora-clang, r-devel-linux-x86_64-fedora-gcc, r-devel-windows-x86_64-new-TK, r-release-macos-arm64, r-release-macos-x86_64, r-oldrel-macos-x86_64

Version: 2.1
Check: re-building of vignette outputs
Result: WARN
    Error(s) in re-building vignettes:
    --- re-building 'IDSA.Rmd' using rmarkdown
    ! LaTeX Error: File `tabu.sty' not found.
    
    ! Emergency stop.
    <read *>
    
    Error: processing vignette 'IDSA.Rmd' failed with diagnostics:
    LaTeX failed to compile C:/r_packages/pkgcheck/CRAN/IDSA/IDSA.Rcheck/vign_test/IDSA/vignettes/IDSA.tex. See https://yihui.org/tinytex/r/#debugging for debugging tips. See IDSA.log for more info.
    --- failed re-building 'IDSA.Rmd'
    
    SUMMARY: processing the following file failed:
     'IDSA.Rmd'
    
    Error: Vignette re-building failed.
    Execution halted
Flavor: r-devel-windows-x86_64-new-TK