Last updated on 2022-05-15 07:54:28 CEST.
Flavor | Version | Tinstall | Tcheck | Ttotal | Status | Flags |
---|---|---|---|---|---|---|
r-devel-linux-x86_64-debian-clang | 0.1.2 | 23.17 | 124.06 | 147.23 | OK | |
r-devel-linux-x86_64-debian-gcc | 0.1.2 | 14.81 | 90.26 | 105.07 | OK | |
r-devel-linux-x86_64-fedora-clang | 0.1.2 | 183.79 | OK | |||
r-devel-linux-x86_64-fedora-gcc | 0.1.2 | 151.09 | OK | |||
r-devel-windows-x86_64 | 0.1.2 | 58.00 | 174.00 | 232.00 | OK | |
r-patched-linux-x86_64 | 0.1.2 | 16.92 | 114.17 | 131.09 | OK | |
r-release-linux-x86_64 | 0.1.2 | 19.21 | 115.90 | 135.11 | OK | |
r-release-macos-arm64 | 0.1.2 | 6.00 | ERROR | |||
r-release-macos-x86_64 | 0.1.2 | 68.00 | OK | |||
r-release-windows-x86_64 | 0.1.2 | 73.00 | 162.00 | 235.00 | OK | |
r-oldrel-macos-arm64 | 0.1.2 | 53.00 | OK | |||
r-oldrel-macos-x86_64 | 0.1.2 | 85.00 | OK | |||
r-oldrel-windows-ix86+x86_64 | 0.1.2 | 50.00 | 180.00 | 230.00 | OK |
Version: 0.1.2
Check: package dependencies
Result: ERROR
Package required and available but unsuitable version: ‘terra’
See section ‘The DESCRIPTION file’ in the ‘Writing R Extensions’
manual.
Flavor: r-release-macos-arm64