CRAN Package Check Results for Package ICAMS

Last updated on 2022-05-16 06:52:26 CEST.

Flavor Version Tinstall Tcheck Ttotal Status Flags
r-devel-linux-x86_64-debian-clang 2.3.10 51.04 1053.71 1104.75 OK
r-devel-linux-x86_64-debian-gcc 2.3.10 45.71 680.66 726.37 OK
r-devel-linux-x86_64-fedora-clang 2.3.10 1164.50 OK
r-devel-linux-x86_64-fedora-gcc 2.3.10 1079.99 OK
r-devel-windows-x86_64 2.3.10 162.00 811.00 973.00 OK
r-patched-linux-x86_64 2.3.10 65.61 856.24 921.85 OK
r-release-linux-x86_64 2.3.10 51.07 847.13 898.20 OK
r-release-macos-arm64 2.3.10 164.00 NOTE
r-release-macos-x86_64 2.3.10 277.00 NOTE
r-release-windows-x86_64 2.3.10 188.00 815.00 1003.00 OK
r-oldrel-macos-arm64 2.3.10 371.00 NOTE
r-oldrel-macos-x86_64 2.3.10 241.00 NOTE
r-oldrel-windows-ix86+x86_64 2.3.10 111.00 872.00 983.00 OK

Check Details

Version: 2.3.10
Check: package dependencies
Result: NOTE
    Packages suggested but not available for checking:
     'BSgenome.Hsapiens.1000genomes.hs37d5',
     'BSgenome.Hsapiens.UCSC.hg38', 'BSgenome.Mmusculus.UCSC.mm10'
Flavors: r-release-macos-arm64, r-release-macos-x86_64, r-oldrel-macos-x86_64

Version: 2.3.10
Check: package dependencies
Result: NOTE
    Package suggested but not available for checking: ‘BSgenome.Mmusculus.UCSC.mm10’
Flavor: r-oldrel-macos-arm64