CRAN Package Check Results for Package HistData

Last updated on 2022-07-06 06:52:52 CEST.

Flavor Version Tinstall Tcheck Ttotal Status Flags
r-devel-linux-x86_64-debian-clang 0.8-7 2.42 54.80 57.22 NOTE
r-devel-linux-x86_64-debian-gcc 0.8-7 2.33 42.37 44.70 NOTE
r-devel-linux-x86_64-fedora-clang 0.8-7 82.21 NOTE
r-devel-linux-x86_64-fedora-gcc 0.8-7 82.55 NOTE
r-devel-windows-x86_64 0.8-7 36.00 97.00 133.00 NOTE
r-patched-linux-x86_64 0.8-7 3.85 50.00 53.85 OK
r-release-linux-x86_64 0.8-7 2.60 51.53 54.13 OK
r-release-macos-arm64 0.8-7 23.00 OK
r-release-macos-x86_64 0.8-7 34.00 OK
r-release-windows-x86_64 0.8-7 25.00 98.00 123.00 OK
r-oldrel-macos-arm64 0.8-7 32.00 OK
r-oldrel-macos-x86_64 0.8-7 49.00 OK
r-oldrel-windows-ix86+x86_64 0.8-7 6.00 84.00 90.00 OK

Check Details

Version: 0.8-7
Check: Rd files
Result: NOTE
    checkRd: (-1) Snow.Rd:118: Escaped LaTeX specials: \&
    checkRd: (-1) Snow.Rd:142: Escaped LaTeX specials: \&
    checkRd: (-1) Yeast.Rd:56: Escaped LaTeX specials: \&
Flavors: r-devel-linux-x86_64-debian-clang, r-devel-linux-x86_64-debian-gcc, r-devel-linux-x86_64-fedora-clang, r-devel-linux-x86_64-fedora-gcc, r-devel-windows-x86_64

Version: 0.8-7
Check: package dependencies
Result: NOTE
    Suggests orphaned package: ‘gtools’
Flavors: r-devel-linux-x86_64-fedora-clang, r-devel-linux-x86_64-fedora-gcc

Version: 0.8-7
Check: Rd cross-references
Result: NOTE
    Undeclared packages ‘Guerry’, ‘alr4’, ‘agridat’, ‘coin’ in Rd xrefs
Flavor: r-devel-linux-x86_64-fedora-clang