Last updated on 2022-08-14 07:54:39 CEST.
Flavor | Version | Tinstall | Tcheck | Ttotal | Status | Flags |
---|---|---|---|---|---|---|
r-devel-linux-x86_64-debian-clang | 1.0.6 | 79.31 | 126.17 | 205.48 | OK | |
r-devel-linux-x86_64-debian-gcc | 1.0.6 | 55.98 | 91.43 | 147.41 | OK | |
r-devel-linux-x86_64-fedora-clang | 1.0.6 | 269.52 | NOTE | |||
r-devel-linux-x86_64-fedora-gcc | 1.0.6 | 246.37 | OK | |||
r-devel-windows-x86_64 | 1.0.6 | 167.00 | 164.00 | 331.00 | OK | |
r-patched-linux-x86_64 | 1.0.6 | 61.47 | 114.86 | 176.33 | OK | |
r-release-linux-x86_64 | 1.0.6 | 62.76 | 112.22 | 174.98 | OK | |
r-release-macos-arm64 | 1.0.6 | 61.00 | NOTE | |||
r-release-macos-x86_64 | 1.0.6 | 108.00 | NOTE | |||
r-release-windows-x86_64 | 1.0.6 | 174.00 | 172.00 | 346.00 | OK | |
r-oldrel-macos-arm64 | 1.0.6 | 71.00 | NOTE | |||
r-oldrel-macos-x86_64 | 1.0.6 | 79.00 | NOTE | |||
r-oldrel-windows-ix86+x86_64 | 1.0.6 | 147.00 | 202.00 | 349.00 | OK |
Version: 1.0.6
Check: installed package size
Result: NOTE
installed size is 5.9Mb
sub-directories of 1Mb or more:
data 1.1Mb
libs 4.0Mb
Flavors: r-devel-linux-x86_64-fedora-clang, r-release-macos-arm64, r-release-macos-x86_64, r-oldrel-macos-arm64, r-oldrel-macos-x86_64